- 325 = -4*q. Suppose -u = c - 717, q*c - 2148 = 78*c - 2*u. List the prime factors of c.
2, 3, 7, 17
Suppose -2474 = -3*c + 496. What are the prime factors of 6/(-8) - c/(-8)?
3, 41
Let q(h) = 52*h**2 - 15*h + 58. Let d be q(5). Suppose -1225 = -6*k + d. What are the prime factors of k?
2, 11, 19
Let a(p) = -2*p**2 - 35*p - 43. Let o be a(-16). Suppose -3*r + 5*t = -0*r - 984, o*t = -2*r + 656. List the prime factors of r.
2, 41
List the prime factors of 1590432/240 - (-24)/(-30).
2, 3313
Suppose -7*v - 57 = -26*v. Suppose -3*j + 159 = -5*g, -j = -v*j - 2*g + 106. List the prime factors of j.
53
Let q(w) = w**3 - 7*w**2 + 14*w - 100. Let l be q(7). List the prime factors of 165 + (-32)/(-10 - l).
13
Let n(o) be the third derivative of -o**5/60 - 7*o**4/8 - 4*o**3/3 - 2*o**2 - 8. Let g be 4*(2 + 57/(-12)). List the prime factors of n(g).
2, 3, 17
Suppose 3*l = 23*l + 8*l - 238476. What are the prime factors of l?
3, 17, 167
What are the prime factors of (-527)/(-1 + (-192)/(-208))?
13, 17, 31
Let v(d) = d**3 - 4*d**2 - 15*d + 15. Let x be v(6). List the prime factors of (-3244)/x*(-108)/(-144).
811
Suppose -34*i = -27*i - 609. List the prime factors of (i/(-15) - (-5 - -4))*-155.
2, 3, 31
Suppose -10*n + 17*n = 13*n - 199512. List the prime factors of n.
2, 3, 17, 163
Let p(h) = 3173*h - 5581. List the prime factors of p(31).
2, 23, 2017
Let h(g) = 132*g + 743. List the prime factors of h(67).
9587
Let u(y) = -y**2 + 5*y - 2. Let g be u(4). List the prime factors of (553/14*-3)/((-1)/g).
3, 79
Suppose 0 - 16 = 2*u. List the prime factors of 3/(4/185*(-6)/u).
5, 37
Let z = 753 - -947. Suppose -16*d + 1564 = -z. List the prime factors of d.
2, 3, 17
Let s(y) = -97 + 74 + 8*y + 26*y. Suppose -2*u + 5 + 21 = -4*m, 5*u - 2*m - 41 = 0. List the prime factors of s(u).
5, 43
Suppose -3*q + 64455 = -3*w, 2*q + 2*w - 33035 - 9915 = 0. List the prime factors of q.
2, 3, 5, 179
Let d(l) = -9*l**3 + 5*l**2 + 118*l - 62. List the prime factors of d(-11).
2, 23, 61
Suppose -38*p + 357734 + 240196 = 0. List the prime factors of p.
3, 5, 1049
Suppose -33*b - 11830 = -42*b + 45356. List the prime factors of b.
2, 3, 353
Suppose 3*k - 30 = -o, -k + 5*o = -6*k + 60. Suppose 2*n - 2189 = -k*n. What are the prime factors of n?
199
Let h = -1516 - -861. Let y = -459 - h. What are the prime factors of y?
2, 7
Suppose -3*v = -38 + 29. Let r(z) = -z**3 + 2*z**2 + 6*z - 1. Let f be r(v). Suppose -4*t = -f*t + 400. What are the prime factors of t?
2, 5
Let d = -58286 + 81706. What are the prime factors of d?
2, 5, 1171
Let o(d) = -9*d + 5. Let x be o(1). Let j(s) = -9*s + 7. Let i be j(x). Let n = i + 0. What are the prime factors of n?
43
Suppose 0 = q + 6 + 5. Let j(u) = 104 - 8*u - 105 + 5*u. List the prime factors of j(q).
2
Suppose 0 = 10*d - 2*d - 5208. Suppose 8*h - 5*l = 6*h + d, 5*h - 3*l = 1599. List the prime factors of h.
2, 3, 53
Suppose -2*i + 0*i + 10 = 0. Let d(s) = -3 + 7*s**2 - i*s + 0*s**3 - s**3 - 14 + 7*s**2. List the prime factors of d(13).
3, 29
Suppose 5*s = 10*s - 10. Suppose 8*q - 3*q + 61 = -s*y, -3*y = 4*q + 46. Let x(b) = -b**3 - 10*b**2 + 27*b - 18. What are the prime factors of x(q)?
2, 3, 23
Let a(m) = 3*m**2 - 2 - m**2 - 4 + 10*m - m**3. Suppose w - 22 = -15*q + 10*q, 3*q - 4*w - 4 = 0. What are the prime factors of a(q)?
2
Let w(u) = 104*u + 498. Let h(r) = 35*r + 166. Let s(a) = -8*h(a) + 3*w(a). What are the prime factors of s(17)?
2, 5, 71
Let z = 60853 - 30161. What are the prime factors of z?
2, 7673
Let z be 6/(-4)*32/(-24). Suppose -5*h + 192 = c, 4*h - 366 = -z*c - 0*h. Suppose 4*q = u - q - c, 0 = 3*u - 4*q - 476. List the prime factors of u.
2, 19
Suppose 17*u - 78814 = 7*u - 21734. What are the prime factors of u?
2, 1427
List the prime factors of 23*-9*(-117)/81.
13, 23
Suppose 3*m = u + 94219, -2*m - 3*u + 4437 = -58350. What are the prime factors of m?
2, 3, 2617
Let p = 67 + -57. Suppose s = 2*s - p. What are the prime factors of 2/5 - (1 + (-556)/s)?
5, 11
Suppose 0 = -26*u + 173722 + 100255 - 7087. What are the prime factors of u?
5, 2053
Suppose -5*p = -45, -11*j = -14*j + 2*p + 24981. What are the prime factors of j?
13, 641
Let r be (-5 + -106)*(2 - 3). Let x = 214 - r. What are the prime factors of x?
103
Let y be (-16)/(-6)*657/(-3) - -4. What are the prime factors of ((-12)/10)/(87/y)?
2
What are the prime factors of (1 + 7 + 55152/216)*(-1368)/(-20)?
2, 3, 19, 79
Let t = 13314 + -5195. List the prime factors of t.
23, 353
Let j be (-13)/(-78) + (-11)/(-6). Suppose 0*n = -3*t - 4*n - 4, 4*t - 2*n = j. Suppose 3*m + k = 110, t*k - k = -m + 34. What are the prime factors of m?
2, 3
Let m(l) = -37*l + 14. Let h be (-48)/(-20)*1*15/(-6). List the prime factors of m(h).
2, 59
Let b = -6824 + 12997. What are the prime factors of b?
6173
Let y(s) = 3*s - 12. Let r(j) = -6*j + 23. Let o(c) = -4*r(c) - 7*y(c). Let d be o(7). Suppose 0 = -8*z + d*z - 365. What are the prime factors of z?
73
Suppose -68766 = 52*l - 167462. What are the prime factors of l?
2, 13, 73
Suppose 117*f - 88*f - 36801 = 0. What are the prime factors of f?
3, 47
Suppose -95931 = 8*w - 22*w - 5001. List the prime factors of w.
3, 5, 433
Suppose 14*b = 24*b - 50. Suppose -m - b*r = -1983, -9*m - r + 5879 = -6*m. What are the prime factors of m?
2, 11, 89
Suppose -i - 4 = 0, 4*u - 3*i + 619 = 15615. Suppose -846 = 2*z - u. List the prime factors of z.
2, 5, 29
Suppose -324436 = 29*r + 26*r - 69*r. What are the prime factors of r?
2, 11587
Let x(n) = -n**3 + 9*n**2 + n - 7. Let a be x(8). Let r = a + -61. Suppose 5*m + 292 = r*z + 1143, m - 5*z - 166 = 0. What are the prime factors of m?
3, 19
Let c be 1*((-2)/(-1) + 1) - 18. Let f = c + 24. Let d = f + 13. What are the prime factors of d?
2, 11
Suppose -2*g - 344 - 20 = 0. Let q = 393 + g. What are the prime factors of q?
211
Let q = 5757 + 1899. What are the prime factors of q?
2, 3, 11, 29
Let n(t) = t**2 + 91*t - 811. What are the prime factors of n(53)?
19, 359
Let z(b) = -7*b**3 - 14*b**2 - 7*b + 28. What are the prime factors of z(-11)?
2, 3, 7, 23
Let h = 115381 + -73840. What are the prime factors of h?
3, 61, 227
Let p be (-248)/(-18) - (-4 + (-204)/(-54)). Suppose 15*s - 14877 = -p*s. List the prime factors of s.
3, 19
Suppose 3*b - 3*m - 891 = -2*m, -594 = -2*b + 4*m. Suppose -4*d = -b + 97. What are the prime factors of d?
2, 5
Suppose -y + 5*y = -3*p - 1251, y + 2068 = -5*p. Let m = p + 1016. Suppose m = 9*u - 0*u. List the prime factors of u.
67
Suppose -2*f + 12 = 0, 7*c + 992 - 12187 = -5*f. List the prime factors of c.
5, 11, 29
Let a = -47 + 49. Suppose -y - 200 = y + a*x, -2*x - 99 = y. Let h = -57 - y. What are the prime factors of h?
2, 11
Suppose 2*c - 2430 = n, 4*c - 2*n - 1212 = 3*c. Let a = -39 + 49. Suppose a*x = 2*x + c. List the prime factors of x.
2, 19
Let g(t) = 799*t - 612. List the prime factors of g(12).
2, 3, 11, 17
Suppose -22*l + 0*l + 96309 = 7*l. List the prime factors of l.
3, 41
List the prime factors of (-40413)/(-3) - (1 - 7)*2/(-3).
3, 67
Let g = 4 - -1. Suppose g*v = 90 - 75. Suppose 0 = -5*d - v*c + 565, -2*d + 126 = -5*c - 131. What are the prime factors of d?
2, 29
Let o(m) = 11*m**2 + 7*m + 4. Let y(c) = c**2 + c + 1. Let h(a) = -o(a) + 6*y(a). Let j be h(11). What are the prime factors of (0 - 16/20) + j/(-5)?
2, 61
Let m = -23 + 25. Suppose 8 = 2*c, -2*d - 3*d - m*c = 357. Let j = 16 - d. List the prime factors of j.
89
Let y be 7 + -11 + (4 - -4) + -470. Let v = 682 + y. List the prime factors of v.
2, 3
Suppose -2*s + 3*j + j = -18, 0 = 3*s + 5*j - 5. Suppose -5*m = s*a - 1315, -3*a - 2*m + 786 = 2*m. List the prime factors of a.
2, 7, 19
Let t = -362 + 137. Suppose 0 = -3*f + 5*g - 662 - 367, 2*f = 5*g - 686. Let s = t - f. What are the prime factors of s?
2, 59
Let o = 127 + 185. Suppose 5*c = o + 13. List the prime factors of c.
5, 13
Let w(j) = -j**3 + 8*j**2 - j - 4. Let h be w(6). Let k = 124 + h. Let x = k + -1. List the prime factors of x.
5, 37
Suppose -m - 195*h + 192*h + 10271 = 0, 18 = -3*h. List the prime factors of m.
10289
Suppose 2*g = -4*p - 4, 30 = -g + 3*p + 13. List the prime factors of 3434/8 + ((-78)/g)/13.
2, 5, 43
Suppose 0 = 5*f - 5, -5*k + 0*f = -2*f + 87. Let a(r) = -8*r + 58. What are the prime factors of a(k)?
2, 97
Le